 = -36*n - 6. Determine j(4).
-150
Let m(a) = -2*a**3 + a**2 + 6*a + 9. Calculate m(-4).
129
Let o(j) = -4*j**3 - 67*j**2 + 8*j - 146. Calculate o(-17).
7
Let y(n) = -n**2 + 29*n + 502. Calculate y(44).
-158
Let f(b) = 155*b - 323. Determine f(2).
-13
Let y(v) = -v**3 + 4*v**2 - 81. Give y(6).
-153
Let o(p) = 39*p**2 + 133*p + 133. Determine o(-1).
39
Let j(k) = k**3 - 134*k**2 - 2903*k - 607. Calculate j(153).
5
Let r(q) = -33*q + 2508. Give r(65).
363
Let p(t) = 88*t + 850. Determine p(-8).
146
Let m(k) = -14*k**2 + 14*k + 3. Give m(1).
3
Let k(n) = -13*n + 298. Calculate k(41).
-235
Let w(o) = 2*o**2 - 67*o + 561. Calculate w(19).
10
Let k(r) = -40*r**2 - 3953*r + 3952. What is k(1)?
-41
Let n(y) = -2*y + 217. Give n(99).
19
Let r(w) = 253*w**2 - 106*w - 107. Calculate r(-1).
252
Let p(x) = 4*x**2 - 5*x - 22. Give p(-3).
29
Let c(b) = b**3 + 2*b**2 - 35*b - 66. What is c(-6)?
0
Let z(g) = g**3 - 285*g**2 + 820*g + 7313. Calculate z(282).
-19
Let d(c) = -c**3 + 13*c**2 + 22*c + 8. What is d(7)?
456
Let q(k) = 1017*k + 4068. Calculate q(-4).
0
Let f(w) = 142*w + 3794. Give f(-27).
-40
Let t(a) = -317*a + 5652. Determine t(18).
-54
Let m(u) = 182*u - 3976. Calculate m(22).
28
Let s(k) = 127*k + 103. What is s(-1)?
-24
Let w(t) = -92*t + 1560. Determine w(17).
-4
Let k(h) = -2669*h + 8006. Calculate k(3).
-1
Let t(n) = -1879*n + 101466. Determine t(54).
0
Let a(l) = 19*l + 23. Calculate a(13).
270
Let r(t) = -16*t + 107. What is r(9)?
-37
Let t(n) = -n**2 - 5*n + 3. Calculate t(6).
-63
Let b(f) = -10*f**2 + 41*f - 37. Calculate b(1).
-6
Let z(a) = 37*a - 590. Determine z(15).
-35
Let o(t) = -2*t**2 - 5*t + 83. Determine o(6).
-19
Let l(g) = 21*g**2 - 157*g - 440. Calculate l(-3).
220
Let n(g) = 21*g - 523. Calculate n(27).
44
Let n(z) = 2*z**3 - 103*z**2 - 58*z + 304. What is n(52)?
-8
Let z(f) = -f**2 - 110*f + 9520. Determine z(-167).
1
Let x(p) = 4*p**2 - 356*p - 8. What is x(89)?
-8
Let j(n) = -5*n**2 + 176*n - 1447. Determine j(13).
-4
Let l(q) = -25*q**2 + 54*q - 23. What is l(1)?
6
Let s(d) = -d**3 - 14*d**2 - 3*d - 42. What is s(-14)?
0
Let o(n) = -68*n + 362. What is o(6)?
-46
Let q(r) = -256*r - 1779. Calculate q(-6).
-243
Let f(w) = 305*w - 52773. Determine f(173).
-8
Let m(t) = -t**2 + 10*t - 21. Determine m(6).
3
Let h(p) = -28*p**3 - 3*p**2 + 12*p - 4. Give h(2).
-216
Let d(u) = -4*u**3 + 85*u**2 - 7*u - 311. Determine d(21).
-17
Let d(b) = -b**2 + 20*b + 191. Determine d(31).
-150
Let g(b) = -4*b**2 + b + 171. Determine g(7).
-18
Let x(u) = -200*u**2 - 10*u + 2. Calculate x(1).
-208
Let n(q) = -8325*q - 66595. What is n(-8)?
5
Let q(m) = m**2 + 43*m + 211. Calculate q(-5).
21
Let t(w) = 5*w**2 + 69*w + 53. Determine t(-13).
1
Let t(f) = -f**3 - 13*f**2 + 20*f + 11. Calculate t(-13).
-249
Let s(x) = -3*x**3 - 4*x**2 + 9*x + 8. Give s(-3).
26
Let q(o) = o**3 + 18*o**2 + 21*o - 48. What is q(-16)?
128
Let q(b) = -7*b**2 + 137*b - 11. What is q(0)?
-11
Let h(i) = i**3 - 20*i**2 - 745*i + 164. Determine h(39).
8
Let o(d) = d**2 - 112*d - 10280. What is o(-60)?
40
Let j(f) = -13*f + 38. Calculate j(-1).
51
Let o(a) = 12*a - 300. Give o(45).
240
Let u(p) = 167*p - 838. Determine u(5).
-3
Let y(z) = 14*z - 425. What is y(30)?
-5
Let z(v) = -2*v**3 + 36*v**2 - 23*v + 12. Give z(17).
199
Let u(y) = y**3 + 35*y**2 + 65*y + 2271. Give u(-35).
-4
Let m(r) = -66*r**2 - 1451*r + 19. Determine m(-22).
-3
Let g(m) = -21*m**2 + 184*m + 44. Determine g(9).
-1
Let v(x) = -x**3 + 4*x**2 + 94*x + 258. What is v(-5)?
13
Let a(d) = d**3 - 13*d**2 - 94*d + 417. Give a(17).
-25
Let b(y) = y**2 + 17*y - 1252. Determine b(-45).
8
Let c(t) = 235*t + 713. Give c(-3).
8
Let w(l) = 271*l**2 + 4*l - 4. Give w(1).
271
Let a(m) = -4173*m - 25032. Give a(-6).
6
Let b(w) = 200*w + 200. What is b(-1)?
0
Let q(p) = p**3 - 11*p**2 - 27*p - 12. Calculate q(13).
-25
Let l(j) = -j**3 + 34*j**2 - 45*j + 220. Determine l(33).
-176
Let i(y) = 665*y - 13300. Give i(20).
0
Let l(r) = r**3 + 17*r**2 - 15*r - 25. Give l(-17).
230
Let d(x) = 25*x**2 - 140*x + 11. Calculate d(6).
71
Let d(j) = 2*j**3 + 12*j**2 - 3*j + 34. Determine d(-7).
-43
Let u(a) = a**3 - 18*a**2 + 23*a + 61. Calculate u(17).
163
Let m(q) = -q**3 - 64*q**2 - 2*q - 207. Calculate m(-64).
-79
Let n(y) = y - 11. Determine n(-30).
-41
Let y(c) = c**2 - 19*c + 80. Determine y(16).
32
Let h(f) = -2*f**3 + 6*f**2 + 22*f - 77. Calculate h(3).
-11
Let o(a) = -2*a**2 - a + 115. Determine o(-8).
-5
Let s(r) = r**2 - 9*r - 372. What is s(-15)?
-12
Let c(o) = -351*o - 8144. Give c(-23).
-71
Let l(k) = 282*k - 8946. Determine l(32).
78
Let q(o) = -189*o + 2258. Calculate q(13).
-199
Let p(c) = 6692*c - 20076. What is p(3)?
0
Let t(o) = -2*o**2 - 4*o + 29. Give t(3).
-1
Let b(h) = -h**2 + 64*h - 1023. Calculate b(35).
-8
Let s(n) = -131*n**2 - 406*n - 36. What is s(-3)?
3
Let g(n) = 1002*n - 2000. What is g(2)?
4
Let m(v) = -681*v - 3414. Determine m(-5).
-9
Let z(g) = -2*g**3 - 36*g**2 - 5*g - 15. What is z(-18)?
75
Let a(r) = 16*r + 98. Calculate a(-7).
-14
Let j(o) = 10*o**3 - 2*o**2 - 2*o - 5. Give j(3).
241
Let w(u) = 718*u + 12944. Give w(-18).
20
Let t(c) = -c**2 - 13*c - 58. Determine t(-3).
-28
Let r(b) = 2*b**3 - 11*b**2 + 12*b - 2. Calculate r(5).
33
Let j(s) = -33*s + 473. Calculate j(27).
-418
Let j(w) = 2033*w + 4069. What is j(-2)?
3
Let f(l) = l**3 + 37*l**2 + 67*l + 67. Give f(-35).
172
Let q(a) = -110*a**2 - 10*a. What is q(-1)?
-100
Let m(l) = 42111*l + 126318. Calculate m(-3).
-15
Let k(i) = 386*i + 6. What is k(0)?
6
Let v(h) = -45*h**2 + 141*h - 1. What is v(3)?
17
Let j(y) = 2*y**3 + 46*y**2 - 280*y - 13. Calculate j(-28).
-13
Let g(p) = -p**3 + 54*p**2 + 50*p + 97. What is g(55)?
-178
Let f(q) = -30*q + 80. Calculate f(-1).
110
Let m(y) = y**3 - 32*y**2 - 131*y + 4989. Give m(31).
-33
Let t(d) = -d**3 - 13*d**2 + 88*d - 4. Calculate t(-18).
32
Let r(b) = b**3 + 55*b**2 + 108*b + 26. Determine r(-53).
-80
Let l(y) = -31*y + 460. Calculate l(12).
88
Let f(j) = -j - 45. Calculate f(26).
-71
Let q(l) = l**3 - 52*l**2 - 110*l - 68. Determine q(54).
-176
Let u(w) = w**3 + 13*w**2 - 138*w + 2. Determine u(7).
16
Let g(h) = h**3 + 17*h**2 + 54*h + 46. Calculate g(-13).
20
Let l(h) = -37*h**3 - 4*h**2 + 2*h + 2. Give l(2).
-306
Let r(n) = -n**3 - 246*n**2 - 2125*n + 1888. Give r(-237).
-8
Let x(g) = -16*g**2 - 1501*g + 211. Give x(-94).
-71
Let i(h) = h**2 - 78*h + 1514. Determine i(38).
-6
Let b(q) = 5*q + 76. Determine b(0).
76
Let t(p) = 9679*p - 58091. Give t(6).
-17
Let h(z) = -z**3 - 375*z**2 - 34558*z - 427. Give h(-212).
-3
Let g(w) = 128*w - 1122. Calculate g(9).
30
Let y(z) = z**3 - 4*z**2 + 14*z - 39. Give y(4).
17
Let y(r) = 18*r - 286. Calculate y(8).
-142
Let h(x) = -1445*x + 5762. Determine h(4).
-18
Let y(d) = 207*d - 10. Give y(1).
197
Let u(n) = -16*n + 2003. Determine u(129).
-61
Let z(f) = 204*f - 1020. Give z(5).
0
Let i(f) = 1001*f - 3074. Calculate i(3).
-71
Let y(o) = o**2 + 22*o - 373. What is y(-33)?
-10
Let i(y) = 6*y**3 - 4*y**2 - y + 62. Calculate i(-4).
-382
Let x(f) = -f**2 + 33*f - 180. Give x(8).
20
Let u(k) = -6487*k + 6489. Calculate u(1).
2
Let q(y) = y**2 - 29*y - 57. Calculate q(39).
333
Let z(r) = 40*r - 608. What is z(15)?
-8
Let c(d) = 18*d**2 + 1332*d - 138. Calculate c(-74).
-138
Let r(c) = -11*c**3 + 53*c**2 - 108*c - 4. Determine r(2).
-96
Let b(f) = -2*f**2 + 57*f - 65. Determine b(22).
221
Let j(v) = 5*v**3 - 16*v**2 - 50*v - 7. What is j(5)?
-32
Let q(g) = -10*g**3 - 49*g**2 - 15*g - 78. Give q(-5).
22
Let s(u) = 3*u**3 - 10*u**2 + 33*u - 146. Determine s(4).
18
Let x(r) = 33*r**2 + 96*r - 2. Give x(-3).
7
Let l(o) = o**3 + 11*o**2 + 7*o + 68. What is l(-10)?
98
Let x(d) = -18*d + 161. What is x(13)?
-73
Let d(u) = u**3 - 38*u**2 + 155*u + 1184. Determine d(32).
0
Let t(d) = d**3 + 11*d**2 - 54*d - 297. Give t(-11).
297
Let v(x) = -x**3 - 4*x**2 - x - 35. What is v(-6)?
43
Let b(f) = -161*f + 1766. Determine b(11).
-5
Let g(k) = -k**3 - 5*k**2 + 14*k - 2. Determine g(-6).
-50
Let j(u) = -11*u + 125. Give j(13).
-18
Let f(j) = 3*j**2 + 2045*j - 12386. Determine f(6).
-8
Let b(g) = 2*g**2 - 183*g + 274. What is b(90)?
4
Let r(t) = -4324*t - 4288. Determine r(-1).
36
Let t(g) = -2*g**3 + 70*g**2 - 605*g - 59. Give t(19).
-2
Let s(w) = -10*w - 446. Give s(-30).